/(4/(-10))?
7
Let h = -612 + 1007. Suppose g + 0*g + h = 3*y, -y + 2*g = -125. Suppose 0 = 3*l + 4*l - y. Calculate the remainder when 130 is divided by l.
16
Suppose -20*g - 17*g = -22162 - 25827. What is the remainder when g is divided by 45?
37
Let z(t) = t**2 - 10*t + 33. Suppose -2*g + 47 = -5*c, 2*g + 0*c = -c + 77. Suppose 8*k - 4*k = g. What is the remainder when z(0) is divided by k?
6
Let w = 23 + -32. Let s = w + 37. Let a = 249 - 233. What is the remainder when s is divided by a?
12
Let b be (-13 + 10)*((-32)/(-6))/2. What is the remainder when 97 is divided by 6/(-216)*b + (-723)/(-27)?
16
Let b = -283 - -142. Let k = 236 + b. What is the remainder when k is divided by 24?
23
Suppose 27*s + 6 = 28*s. Suppose -3*p = -5*p + 4. Suppose -4*z + 5*v = -137, p*v + 38 = 7*z - s*z. What is the remainder when 138 is divided by z?
26
Suppose 0 = -38*x - 10 + 124. Suppose 5*o - 547 = -4*r, -3*o = x*r - 7*r - 341. Suppose 2*h - 83 = -27. What is the remainder when o is divided by h?
27
Let v(t) = -t**2 + 68*t - 646. Let c = -99 - -198. Calculate the remainder when c is divided by v(56).
21
Let u(r) = 0 - 5*r - 4 + 5*r**2 + 1 - 3. Suppose 73 - 298 + 0 = -9*g. Calculate the remainder when u(-4) is divided by g.
19
Suppose 4*v - 404 = 3*i, -7*i + 5*i - 270 = -3*v. What is the remainder when (-14 - 1824/i) + (-739)/(-11) is divided by 6?
1
Suppose -7*t - 247 + 415 = 0. Calculate the remainder when 454 is divided by t.
22
Suppose 5*r - 19 = m, 5 = 2*m + 3*m - 5*r. Let w = -33496 + 33542. What is the remainder when w is divided by m?
4
Let q = -5997 + 6191. Calculate the remainder when 774 is divided by q.
192
Suppose -5*v - 138 = -173. Suppose v = -5*x + 102. Calculate the remainder when x is divided by 4.
3
Let k = -166 - -256. Suppose 4*h - 4*i = -2*i - 314, -317 = 4*h - 5*i. Let m = k + h. Calculate the remainder when m is divided by 5.
2
Suppose -4*n + 9 = 3*a, 0 = -5*n + 4 + 11. What is the remainder when 25 is divided by a*(-6 + -3 + -2)?
3
Suppose j = m + 2 - 10, 5*m - 22 = 2*j. Let f = 1 - j. Let r = 40119 + -40087. Calculate the remainder when r is divided by f.
4
Let d = -1 + -18. Let g(j) = 9*j + 186. Calculate the remainder when 160 is divided by g(d).
10
Suppose 4*j = w - 142, 3*j = -w - 2*j + 187. Let i(v) = v**2 + v - 7. Let p be i(3). Suppose -p*s + 136 = -69. What is the remainder when w is divided by s?
39
Suppose -11*a - 73 = -3*i, i - 5*a + 2*a = 23. Calculate the remainder when 64 is divided by i.
13
Let i(z) = z**3 + 16*z**2 + 25*z - 44. Let a be i(-14). Let c(j) = -123*j + 30. What is the remainder when c(a) is divided by 70?
66
Let m be 4/18 + 53780/180. Let b = -296 + m. What is the remainder when b is divided by 2?
1
Let o = -4178 + 4244. What is the remainder when 220 is divided by o?
22
Suppose -21*d - 162 = -36. Let n(b) = -23*b + 3*b**2 - 4 + b**3 - 6 + 2*b. Calculate the remainder when 38 is divided by n(d).
6
Calculate the remainder when ((-1903)/55 - -23)/((-2)/815) is divided by 22.
19
Suppose 73*j = 25542 - 2839. What is the remainder when j is divided by 38?
7
Let s(f) = -f + 16. Suppose 0 = 4*k + 10 - 54. Calculate the remainder when (-634)/(-30) + (-6)/45 is divided by s(k).
1
Let y(c) = -c**2 + c + 2. Let g(j) = -16*j**2 + 17*j + 13. Let v(f) = -g(f) + y(f). What is the remainder when v(6) is divided by 29?
27
Let a = -651 - -668. Suppose 16*x = 241 - a. Calculate the remainder when (-1)/(-3) + 310/6 is divided by x.
10
What is the remainder when 179 is divided by ((-546)/24)/((-63)/36)?
10
Suppose v = -2*u + 11, -2*v - u + 27 = 5. Suppose v*y + 5*i = 14*y - 19, y - 2*i = 5. What is the remainder when 35 is divided by y?
9
Let p(u) = u**3 + 7*u**2 + 3*u - 5. Suppose -2*w = 2*h - 767 + 757, -3*h = 4*w - 23. What is the remainder when p(-5) is divided by w?
6
What is the remainder when (-21)/((-16)/((-10304)/(-42))) is divided by 55?
47
Calculate the remainder when (16/8 + 22/4)*(-2 - -14) is divided by 4.
2
Let j(h) = -h**3 - h**2 - 29*h - 28. Let i be j(-8). Suppose i = 4*m - 4*r, 3*m + 5*r - 483 = 10*r. Calculate the remainder when m is divided by 12.
10
Let o(n) = n**3 + 17*n**2 + 59*n + 9. What is the remainder when 313 is divided by o(-9)?
61
Suppose 0 = 854*c - 858*c + 1196. Let p = c - 263. Calculate the remainder when 238 is divided by p.
22
Suppose -3*b + 67*q = 62*q - 880, -5*b + 1288 = 14*q. What is the remainder when b is divided by 98?
84
Let x(s) = -s**3 - 12*s**2 - 4*s - 17. Let q be 16/(-100)*-5*-15. What is the remainder when 90 is divided by x(q)?
28
Suppose -1 = 2*y - 13. What is the remainder when 57 is divided by -5 - (-162)/6 - y?
9
Let a = -269 - -281. Suppose -8*y - 19 + 75 = 0. Calculate the remainder when a is divided by y.
5
Let l = -74 - -88. Suppose l*p = 23*p - 207. Calculate the remainder when 151 is divided by p.
13
Let l(n) = -289*n + 4916. Calculate the remainder when l(15) is divided by 25.
6
Suppose 5*o - 1415 = 5*t, 0 = t - 2 - 1. Let m = -11876 + 11887. Calculate the remainder when 4/16 + o/8 is divided by m.
3
Suppose -4*a + 130 = -2*c, -93 - 166 = -7*a - c. Let i = -134 + 312. What is the remainder when i is divided by a?
34
Let r(q) = -10*q - 90. Let f be r(-25). Suppose 5*c + f = 5*n, 0*n = -n - c + 36. What is the remainder when 108 is divided by n?
6
Suppose -5*c - 2*x = -929, 0 = -6*c + x + 1590 - 465. What is the remainder when 1868 is divided by c?
185
Let u = -40 - -68. Suppose 0 = 2*o - 52*i + 54*i + 32, -5*i = -25. Calculate the remainder when 48 + (-5)/((-35)/o) + 8 is divided by u.
25
Suppose 60*h - 54*h = 1164. Let i(z) = z**2 - 3*z + 15. What is the remainder when h is divided by i(6)?
29
Suppose -32*w + 35*w - 2*r = 379, -620 = -5*w + 5*r. Calculate the remainder when 2089 is divided by w.
124
Let m(d) be the first derivative of -9*d**2/2 + 18*d - 48. Let p be m(3). Calculate the remainder when 42 is divided by 9/(((-9)/(-25))/(p/(-15))).
12
Let i be -5*(6 + (-204)/30). Suppose 0 = 11*s - 13*s - 5*j + 49, s - i*j + 8 = 0. What is the remainder when s is divided by 5?
2
Let p(a) = a**3 - 2*a**2 - 7*a + 5. Let n(j) = 10*j + 104. Let u be n(-11). What is the remainder when (-153)/u - (-3)/(-6) is divided by p(4)?
7
Suppose 2*j - 4*b = 189 + 269, b + 672 = 3*j. Let d = j + -98. Suppose 0 = 5*a - d + 40. What is the remainder when 32 is divided by a?
15
Let d = 12 + 1. Let b(m) = 6*m - 42. Let s be b(d). Suppose -34*k + 30*k = -s. Calculate the remainder when 16 is divided by k.
7
Let i = -4756 + 4774. Calculate the remainder when 4748 is divided by i.
14
Let y = 62 - -13. Let v be (-162)/(-486) - (-2)/(-12)*(-956)/2. Suppose 0 = y*j - v*j + 605. What is the remainder when j is divided by 31?
28
Suppose -13*s - 88*s = -2222. Calculate the remainder when 335 is divided by s.
5
Suppose 5*z - 156 = -2*l, -337*l + 4*z = -338*l + 81. Calculate the remainder when l is divided by 28.
17
Let i = 11780 + -11745. What is the remainder when 522 is divided by i?
32
Let z = -26521 + 26584. Calculate the remainder when 270 is divided by z.
18
Let m(v) = v**3 + 29*v**2 + 47*v - 88. Calculate the remainder when 512 is divided by m(-27).
7
Let z(b) = -20*b + 2. Let v(a) = a**3 + a**2 + 4*a + 3. Let g be v(-1). What is the remainder when 35 is divided by z(g)?
13
Let b be 51 + 4 + -8 + 3. Let p = b + 8. Suppose 0 = -5*x + 9*x - 80. Calculate the remainder when p is divided by x.
18
Suppose -90 + 10 = -i + 4*t, -2*t = -4*i + 376. What is the remainder when 566 is divided by i?
86
Suppose 4 = 80*f - 76*f. Let d be (-3)/(f/(15/(-9))). Suppose -790 = -d*m - 5*m. Calculate the remainder when m is divided by 22.
13
Suppose 0 = 7*b - 4*b. Suppose b = -4*x + 5*g - 20, -x - g = x - 4. Suppose x = z - 5*z + 104. Calculate the remainder when z is divided by 17.
9
Let j be (12/(-18))/((5 - 3)/(-6)). Suppose -g + 30 = -j*c, -5*c = 12 - 2. What is the remainder when 66 is divided by g?
14
Let o(q) = q**2 - 88*q + 1364. What is the remainder when 175 is divided by o(20)?
3
Let i(r) = -10*r - 13. Let z be i(-6). Let v = z + -44. Calculate the remainder when 18 is divided by (v + 3)*2*1.
6
Suppose -3*l + 610 = -l + 4*d, d = -2. Calculate the remainder when l is divided by 157.
152
Suppose 68789 = -10*h + 35*h + 1289. What is the remainder when h is divided by 7?
5
Suppose 0*h = -h + 141. Let